1. Suppose 4*m - 22 = -0*k + 2*k, 0 = m + 3*k - w. Suppose -3*b + m = -8. List the prime factors of b.
5
Let i be 1*3/6*-2. List the prime factors of 39 - (-2 + 2 - i).
2, 19
Let p(n) = -145*n - 156. What are the prime factors of p(-10)?
2, 647
Suppose 5*q = -3*q + 26296. List the prime factors of q.
19, 173
Let b(h) = 4*h**2 - 5*h - 7. Let p(m) = -11*m**2 + 14*m + 22. Let v(j) = -8*b(j) - 3*p(j). What are the prime factors of v(7)?
5
Suppose -24 = -3*p - 0*t + 5*t, 0 = p - t - 6. Suppose -2*d = p*w - 45, 0 = -d - 3*d - 2*w + 70. Suppose 5*z - d = 10. What are the prime factors of z?
5
Let r be (-15)/(225/(-362)) - 4/30. Let s = 115 + -39. Suppose -s = -4*t + r. What are the prime factors of t?
5
Let d(y) = 285*y**2 - 6*y - 21. What are the prime factors of d(3)?
2, 3, 421
Let s(j) = -28*j - 500. List the prime factors of s(-19).
2
Let b(l) be the first derivative of -l**2/2 + 18*l + 3. What are the prime factors of b(11)?
7
Let l = -11 + 21. Let h = l - 9. List the prime factors of 17/(-2)*(-2)/h.
17
Suppose z + 6 = -z. What are the prime factors of z/2*(892/(-12) + 3)?
107
Let a(l) = 1. Let t(f) = -19*f**3 - f**2 + 4. Let s(p) = 5*a(p) - t(p). List the prime factors of s(1).
3, 7
Let m = -299 + 725. What are the prime factors of m?
2, 3, 71
Let w(x) = -x**3 + 29*x**2 - 89*x - 3. What are the prime factors of w(14)?
19, 89
Let p(m) = 2*m**2 + 2*m + 21. Suppose 8*g + 126 = -10*g. What are the prime factors of p(g)?
3, 5, 7
What are the prime factors of (-30)/(-25)*-2*-55?
2, 3, 11
Let a = -778 + 1453. What are the prime factors of a?
3, 5
Suppose -4*n = 2*n - 1452. Let w = n + -171. What are the prime factors of w?
71
Let x be 0 + 6*(-4)/(-6). Suppose 2*c + 56 = x*c. What are the prime factors of c?
2, 7
Let u(p) = -p**2 - 35*p. What are the prime factors of u(-17)?
2, 3, 17
Let n(j) = -71*j + 148. List the prime factors of n(-6).
2, 7, 41
Let b = 161 + -284. Let k = -69 - b. List the prime factors of k.
2, 3
Suppose 5*i - 24837 = -m, 7*i - 8*i = 5*m - 4953. List the prime factors of i.
2, 3, 23
Let h = 0 + -1. Let k be 0/(h - 8/(-4)). Suppose 5 = -v, t + k*v - 46 = 4*v. List the prime factors of t.
2, 13
Let j(w) = -w + 11. Let a be j(13). What are the prime factors of a*(938/4)/(-7)?
67
Let g be 2 + -4 + 2 - 0. Suppose 8*c - 6*c - 84 = g. Suppose 14*r - 15*r + c = 0. What are the prime factors of r?
2, 3, 7
Let z(i) = 2*i - 21. Let k be (-2 + 4)/(8/52). Let b be z(k). What are the prime factors of 1 + 1 + b + -1?
2, 3
Suppose -3*o + 2340 = 10*s - 7*s, 0 = -o + 5*s + 774. What are the prime factors of o?
19, 41
Suppose -6 + 16 = 5*v. Let k be -10*(2 - 5/v). Suppose -2*w + 7 - 55 = -2*p, -k*w = p. List the prime factors of p.
2, 5
Let t = -92 + 107. List the prime factors of -6*((-9)/(-15))/((-6)/t).
3
Let q be 6 + ((-15)/3 - -3). Suppose b + q = 3*b. Suppose 0 = -0*x - b*x + 126. List the prime factors of x.
3, 7
Let p be -14 + 11 + (0 - -7). Suppose -12 + 0 = p*k. What are the prime factors of 53 + k - 3/1?
47
Suppose -4*v = -2*f + 1056, v + 211 = -f + 736. List the prime factors of f.
2, 263
Suppose 2*x - 6*y = -4*y + 12, 0 = -2*x + 3*y + 16. Suppose -4*c = -x*c - 392. What are the prime factors of c?
2, 7
What are the prime factors of ((3 + -4)*739)/(1/(-1))?
739
Let g = 49 + -97. Let n be (2 - 1)*g/(-4). Suppose -2*u = -3*u + n. List the prime factors of u.
2, 3
Let q(k) = 2*k**2 - 39*k - 41. List the prime factors of q(27).
2, 7, 13
What are the prime factors of (2430 - 3) + -8*(-8)/(-16)?
2423
Let v(n) = n + 28. Let p be v(-23). Suppose 19 = p*a + 3*l - 2*l, 3*l = 12. List the prime factors of a.
3
Let s(q) = -3*q + 16. Let z be s(-12). Let l = z - 87. List the prime factors of (-4)/7 - 1000/l.
2, 7
What are the prime factors of (-188683)/(-85) - (-1)/5?
2, 3, 5, 37
Suppose 170 = -3*z + 1250. What are the prime factors of z?
2, 3, 5
List the prime factors of (-29139)/(-9 - 2) - -7.
2, 83
Let m be (-20 - -2) + 1/(-1). Let i = 17 + m. List the prime factors of -9*(7/(-3) - i).
3
Let f(w) = -4*w + 27. Let z be f(0). What are the prime factors of (0 - (-1)/(-1)) + z?
2, 13
Let f(v) = -v + 8. Let x be f(3). Suppose u + 986 = x*j, -5*u + u - 380 = -2*j. List the prime factors of j.
2, 3, 11
Let i(d) = -5*d - 15. Let h be i(-4). Suppose h*j = 4*u - u - 223, -56 = -u - 2*j. List the prime factors of u.
2, 3, 11
Let f = 820 + -440. What are the prime factors of f?
2, 5, 19
Let q(b) = 6 + 3 - 6 - b**3 + 3*b**2 + 3*b. Let k be q(4). Let z(g) = -7*g**3 + 1. What are the prime factors of z(k)?
2
Let r = 419 - 178. List the prime factors of r.
241
Suppose -4*c + 9 = 5*n - 1, 4*c = -4*n + 8. Let p = n - -1. What are the prime factors of (-679)/(-21) - (-2)/p?
3, 11
Suppose 3*j - 1 = -2*n, 2*j - j - 23 = 5*n. Let i be (n/8)/(2/(-136)). Let m = i + 2. What are the prime factors of m?
2, 3
Let h(v) = v**3 + 12*v**2 + 12*v - 7. Let p be h(-9). Suppose -4*g - 2*d = -120 - 8, 4*g - 2*d = p. List the prime factors of g.
2
Let t be (-9)/(-2) + 8/(-16). Suppose 0*c = t*c - 2*s - 288, -5*s = -3*c + 202. Suppose 5*i + 3*y - c = -4, 4*i - 19 = 5*y. What are the prime factors of i?
11
Suppose 15*y = 55*y - 60040. What are the prime factors of y?
19, 79
Suppose -4 = 3*c - 5*c. Let j(i) = i + 1. Let k(n) = 4*n**2 - n + 1. Let d(b) = 2*j(b) + k(b). What are the prime factors of d(c)?
3, 7
Suppose -8*m + 9*m - 2 = 0. List the prime factors of 11/((-55)/(-10)) + m*30.
2, 31
Suppose -3*q + 30 = -3*d, -16 - 24 = -5*q + 3*d. Suppose 0 = q*j - 3*i - 18, 3*j + 0*i = -i + 8. List the prime factors of j.
3
Suppose 4*g - 4*t = -5*t + 747, 5*g + 3*t - 925 = 0. Suppose 5*k = 3*m + g, 112 = 4*k + m - 35. Suppose 0 = 5*c - k - 33. List the prime factors of c.
2, 7
Let u(f) = -51*f**3 - 3*f**2 - 3*f - 2. What are the prime factors of u(-2)?
2, 5
Suppose 2*o - 632 = 8*w - 4*w, -2*w + 3*o = 324. Let u = 309 + w. What are the prime factors of u?
3, 17
Suppose n + 1 = 3*q, 5*q - n + 1 = 6. Suppose -7*s = 2*m - q*s - 279, -2*s - 522 = -4*m. What are the prime factors of m?
2, 3, 11
Suppose 2*u - 2*d - 5413 = -443, 5*d = -5*u + 12385. List the prime factors of u.
3, 827
Suppose 4*l - 2 = 2. Let p be 1/((2/90)/l). Suppose 5*i = -0*v + v + p, 2*v + 30 = 4*i. What are the prime factors of i?
2, 5
Let q be (6/(-8))/(6/(-56)). Let r = 7 - q. Suppose r = -2*b + 10, -2*b - 192 = -3*a - 5*b. List the prime factors of a.
59
Let m(t) = t**3 - 10*t**2 - 2*t + 3. Let i = 28 + -18. Let w be m(i). What are the prime factors of (-1 - (-4 - -4))*w?
17
Let a = 346 + 34. List the prime factors of a.
2, 5, 19
Let n = 179 - 120. Let f = -30 + n. What are the prime factors of f?
29
Let k = 5086 - 2848. What are the prime factors of k?
2, 3, 373
Suppose 0*b - 3121 = -4*a + b, -5*b = -15. What are the prime factors of a?
11, 71
Let l(d) = -22*d + 33. What are the prime factors of l(-14)?
11, 31
Let c(g) = -g**3 + 5*g**2 + 10*g - 9. Suppose 5*i - 32 = -2*l, 4*l - 2*i - 12 = i. What are the prime factors of c(l)?
3, 5
Let b(g) = -2*g**2. Let w be b(2). What are the prime factors of w*(17/(-2))/1?
2, 17
Let m(l) = l**2 + 4. Let b be m(-3). Suppose 5*v - b - 2 = 0. Suppose -9 = -v*f + 6. List the prime factors of f.
5
Let j(u) = 2*u + 644. Let o be j(0). Suppose 4*x = -0*x + o. Suppose -13 = 4*t - x. What are the prime factors of t?
37
Suppose 0 = -124*c + 98*c + 45162. List the prime factors of c.
3, 193
Suppose 8 = -5*q + 2*v - 16, v = 4*q + 18. List the prime factors of 18/(-2)*(q - 20).
2, 3
Suppose -65*m = -238374 - 77071. List the prime factors of m.
23, 211
List the prime factors of 109/3 - 52/39.
5, 7
Let l be (-1)/2*31*-2. Suppose 0 = 3*u - 56 - l. List the prime factors of u.
29
Let w = 0 + 1. Suppose -z + 3 = w. Suppose -4*l + z*i - 4*i = -78, 3*l = i + 66. What are the prime factors of l?
3, 7
Let s be 144/10*(-80)/6. Let k = 124 + s. Let w = k - -95. List the prime factors of w.
3
Suppose 2*p + 112 + 98 = 4*u, -5*p + u = 507. Let o = p - -259. List the prime factors of o.
2, 79
What are the prime factors of -9 - ((-847)/1 - -5)?
7, 17
Let r = 7 - 3. What are the prime factors of 7/(14/92) + r?
2, 5
Let h = -4 + -14. List the prime factors of (-138)/h - 8/(-6).
3
Suppose 135 = 4*x - x. Let z = x + 3. List the prime factors of z.
2, 3
Let x be -2 - (0 + -1 + -3). Suppose -2*b + 231 = 5*r, 4*r - x*b